pose -5*z - 2*o = -37, -b*z - 3*o + 0*o = -24. List the prime factors of z.
3
Suppose -t = -2*w - 37, 2*t + w = -w + 68. List the prime factors of t.
5, 7
Let y be 292/4*1 - 1. Let l = -43 + y. What are the prime factors of l?
29
Let a(t) = -t**3 - 8*t**2 - 2*t - 9. Let h = -4 + -4. What are the prime factors of a(h)?
7
Let q(i) be the first derivative of -4*i**2 + 6*i - 2. What are the prime factors of q(-5)?
2, 23
Let x be 10*((-31)/(-5) + 1). Let m = x - 45. What are the prime factors of m?
3
What are the prime factors of (-1*10 - -3)*-7?
7
Let b(q) = 18*q**2 - q + 1. Let i be b(1). Suppose -m - 27 = -3*n - 4*m, 2*n - i = -4*m. List the prime factors of n.
3
What are the prime factors of 2/(-5) - 4581/(-15)?
5, 61
Let u(l) be the first derivative of -l**3/3 - 3*l**2 - 3*l - 2. What are the prime factors of u(-4)?
5
Let z be (-4 - -1)/((-4)/(-4)). Suppose u = -0*u + 2. List the prime factors of 4*u/(-3)*z.
2
Let c(l) = l**2 + 7*l - 8. Let y be c(-8). Suppose -s + 5*s - 12 = y. Let x = 18 + s. What are the prime factors of x?
3, 7
Let q(s) be the first derivative of s**4/4 + 3*s**3 + 4*s**2 + 8*s + 1. Let f(g) = g + 4. Let c be f(-12). List the prime factors of q(c).
2
Let z be (1 - 0)*-1*-109. Suppose 5*m - z = 41. Let g = 42 - m. What are the prime factors of g?
2, 3
Let s be -27 + (-1 + 2)/(-1). List the prime factors of (-12)/(-21)*s/(-8).
2
Suppose -2*r = -3*x + 974, 341 = x - 3*r + 28. List the prime factors of x.
2, 41
Suppose 4*x + a - 249 = 0, -x = x + 2*a - 126. List the prime factors of x.
2, 31
Let y(u) = -3 - 3 - 5*u + 3 + 3*u. What are the prime factors of y(-3)?
3
Suppose h + 3 = -8. Let w = 16 + h. What are the prime factors of w?
5
Suppose -5*b + 15 = -95. Suppose -2*r + 4*r = 8, 3*h - 4*r = -b. List the prime factors of (-5)/(h + (-9)/(-6)).
2, 5
Suppose -o + 360 = 2*w + 2*o, 540 = 3*w + o. List the prime factors of w.
2, 3, 5
Let f(t) = t**3 + 3*t**2 - 2*t + 4. Let x be 3/(-6)*(-2 - 2). Suppose 7*h + 15 = x*h. What are the prime factors of f(h)?
2, 5
Suppose 2*a - b - 5 = 2, -12 = 3*a + 3*b. Suppose -a = -4*j - 9. Let y(r) = 4*r**2 + 3*r + 1. What are the prime factors of y(j)?
11
Let l(u) = -2*u**3 - 2*u**2 + u - 2. Let s be l(-2). Suppose -2*r + 74 = 5*y + 188, 4*y + 80 = s*r. Let j = y + 33. List the prime factors of j.
11
Suppose -2*p - 2*p = -3*q + 68, 2*q - 50 = 5*p. Suppose h = 3*h - q. Suppose 0 = 3*m + 2*m - h. List the prime factors of m.
2
What are the prime factors of ((-153)/(-68))/((-3)/(-32))?
2, 3
Let i be 0 + 2 + (4 - 6). Suppose -5*l + 7*l - 42 = i. List the prime factors of l.
3, 7
Let y(t) = t**3 - 6*t**2 - 27*t + 1. Let o be y(9). Suppose -42 = 5*z + 4*v, 2*z - v - 5 + 14 = 0. Let x = o - z. List the prime factors of x.
7
Let w = 21 - -12. List the prime factors of w.
3, 11
Let y be (-1)/1*2*-1. Suppose 5*t = -y*s + 58, -4*t + 59 = t + s. Suppose -6*n + 4*n + t = 0. What are the prime factors of n?
2, 3
Suppose 0*c = 4*c + 3*h, 3*c + 4*h = -7. Suppose -2 - 136 = -c*y. Suppose -5 = -4*v + 3*v, 4*l - 2*v - y = 0. What are the prime factors of l?
2, 7
What are the prime factors of ((-9261)/24)/(-7) + 1/(-8)?
5, 11
List the prime factors of ((-439)/4)/((-28)/112).
439
Suppose -4*d - 2 = -22. Suppose d = -j - 5*l, j - l + 2*l - 3 = 0. List the prime factors of j.
5
Let t(q) = -q**3 + 7*q**2 - q + 10. Let g be t(7). Suppose -2 = -g*r + 7. Suppose -r*n = -14 - 13. List the prime factors of n.
3
Suppose 0 = 3*c - 18 - 345. What are the prime factors of c?
11
Suppose 0 = f - 2 - 1. Suppose f*n + c - 5 = 2*n, 2*c = -3*n + 20. Let s = 19 - n. What are the prime factors of s?
3
List the prime factors of ((-11)/(-2) + -2)*8.
2, 7
Let z = -7 + 3. Let r = -6 - -3. List the prime factors of r/12 - 13/z.
3
Let k(j) = 6*j - 34. List the prime factors of k(21).
2, 23
Suppose -9*v = -4*v + 350. Let m = v + 121. List the prime factors of m.
3, 17
Let k = -1 + -1. Let z = 4 + k. List the prime factors of z.
2
Let u be (2 - (2 + -1))*63. Suppose -3*h - 42 = -2*z, 3*h + h + u = 5*z. What are the prime factors of (h/8)/((-6)/8)?
2
Suppose 2*o + 23 - 3 = 5*l, 8 = 5*o + 2*l. Suppose j - 2*j + 5 = o. Suppose 0 = -4*y - j + 25. What are the prime factors of y?
5
Suppose 91 = 3*u - 23. List the prime factors of u.
2, 19
Let y = 36 + 63. List the prime factors of y.
3, 11
Suppose -2*j + 5*g + 8 = 0, -g = 5*j + 2*g - 82. List the prime factors of j.
2, 7
Let g(c) = -24*c + 14. What are the prime factors of g(-4)?
2, 5, 11
Let q = -36 + 68. List the prime factors of q.
2
Let b = 4 + 1. Suppose -b = -4*t + 23. What are the prime factors of t?
7
Let b(y) = -y**2 - 12*y + 12. List the prime factors of b(-11).
23
Let h(z) = z + 11. Let q be h(-8). Suppose 4*o = q*i - 28, 3*i - o - 27 = i. What are the prime factors of i?
2
Let p(u) = 6*u**2 - u + 2. Let s be p(3). Let n = 100 - s. List the prime factors of (-1)/(-4) + n/4.
2, 3
Let a(n) = -19*n**3 - 10*n + 4. Let z(j) = 13*j**3 + 7*j - 3. Let x(c) = -5*a(c) - 7*z(c). Let m be x(-1). Let h = m - -9. List the prime factors of h.
5
Let f(h) = 74*h**2 - 2*h + 1. Let g be f(1). Suppose -25 + g = u. List the prime factors of u.
2, 3
Let k(s) = -s + 4. Let o be k(-5). Let x = 17 - o. What are the prime factors of x?
2
Suppose 3*f + 5*s - 54 = 0, 0*f + 2*s - 19 = -f. List the prime factors of f.
13
Let m(s) = s**3 + 9*s**2 - 3*s - 8. Let o = 8 - 17. List the prime factors of m(o).
19
Let v = -7 + 7. Suppose v*t = 2*t - 42. What are the prime factors of t?
3, 7
Suppose -3*m + 5 = 2*o + 3, 3*o - 16 = 2*m. Suppose 5*c - c = -2*i + 6, -2*c = o*i - 12. Suppose 4*b - 28 = -c*b. What are the prime factors of b?
7
Let h(w) = -4*w - 7. List the prime factors of h(-16).
3, 19
Let a(n) = -5*n**3 + n**2 + n - 4. What are the prime factors of a(-3)?
137
Let d(m) = -m**2 - m + 3. List the prime factors of d(0).
3
Suppose 9 = -3*t, 5*t - 2*t = -5*u + 111. What are the prime factors of u?
2, 3
Let z(p) = p**3 + 6*p**2 - 7*p + 4. Suppose 27 = -4*l - 1. Let y be z(l). Suppose y*x - 5*x = -3*o, 4*x - 32 = 4*o. List the prime factors of x.
2, 3
Suppose -7*t - 4 = -5*t. Let r = t - -9. List the prime factors of r.
7
Suppose -4*x - l = -1677, 406 - 2086 = -4*x - 4*l. What are the prime factors of x?
419
Suppose -9 - 9 = 3*y. Let r(v) = -v - 2. Let t be r(y). Suppose 3*l = t*l + x - 7, 2*l = -5*x + 11. What are the prime factors of l?
2
Let b = 15 + -11. Suppose 4*i + b*t = -44, 0 = -i - t + 5*t - 16. What are the prime factors of (-1 - 0) + -2 - i?
3
Let k = 78 - 43. List the prime factors of k.
5, 7
Let i be (-56)/(-1*(2 - 1)). Let q = 80 - i. What are the prime factors of q?
2, 3
Let n(q) = q**2 - 12*q + 18. List the prime factors of n(14).
2, 23
What are the prime factors of (-14)/(-4)*(-200)/(-20)?
5, 7
Suppose i = -i + 10. Suppose -i*t = -t. Let y = 4 + t. List the prime factors of y.
2
Let h(k) = -k**3 + 14*k**2 - 8*k + 38. List the prime factors of h(11).
313
Let d = -13 - -24. What are the prime factors of d?
11
Suppose -5*r = 5*i, -2*r - 15 = -0*r + 5*i. Suppose -3*w + 8 = f + 23, -r*w + 5*f - 25 = 0. Let z(o) = o**3 + 6*o**2 + 5*o + 2. List the prime factors of z(w).
2
What are the prime factors of 8/6*5697/18?
2, 211
Suppose 4*s - 12 = -0*s. Suppose 2*g = s*t + 46, -t = -3*t. What are the prime factors of g?
23
Suppose -4*z - z = -190. What are the prime factors of z?
2, 19
Let m = 111 + -86. What are the prime factors of m?
5
Suppose -3*w = 3*c - 8*w - 161, 5*w = 5*c - 255. List the prime factors of c.
47
Let a(c) = -5*c**3 + 4*c**2 - 4*c + 4. Let d(g) = -2*g**3 - 4*g**2 + 4*g + 8*g**3 - 5 + 0*g**2. Let j(o) = -5*a(o) - 4*d(o). List the prime factors of j(3).
3
Let g = 21 - 30. Let w be (-44)/6*(-1 + -2). Let u = g + w. List the prime factors of u.
13
Suppose 0 = 23*t - 22*t - 80. List the prime factors of t.
2, 5
Let g(b) be the third derivative of b**4/12 - b**3/3 + 3*b**2. What are the prime factors of g(4)?
2, 3
Let t = 10 - 6. Suppose t*o + o - 85 = 0. Suppose 3*y = i - o, 0 = -4*i + 5*y + 29 + 11. What are the prime factors of i?
5
Let n = 34 + 5. What are the prime factors of n?
3, 13
Let f(m) = -8*m - 12. What are the prime factors of f(-7)?
2, 11
Let c(m) = 0*m**2 - m**2 - 1 - 2*m**2. Let g be c(-1). List the prime factors of -2*(26/g - 0).
13
What are the prime factors of 4/28 + (-782)/(-14)?